e y(-2).
3
Let c(j) = 2*j**3 + j**2 - 2*j + 1. Suppose 4*q - 20 = 0, 2*g + q - 3 = 12. Let h = g - 7. Determine c(h).
-7
Let p(g) be the first derivative of -g**3/3 + 2*g**2 - 5*g + 361. Let t be 2*2/(-12)*-15. What is p(t)?
-10
Let y(p) = -94*p + 2. Let v be y(-4). Let g = v - 377. Let z(x) = 9*x**2 - 1. Determine z(g).
8
Let i be 5*(2/(-10) + -1). Let g = 249 - 247. Let z(b) = 692*b**3 + b**g - 5*b + 4 + 4*b**2 - 691*b**3. Give z(i).
-2
Suppose -2*o - o + 21 = 0. Let i(y) = 0 + y**3 + 0 - 7*y + o*y**2 + 3. Let x(k) = -k**2 + 54*k - 637. Let w be x(37). Calculate i(w).
-5
Let t(c) = 3*c + 24. Suppose -1071*w = -1079*w - 64. Determine t(w).
0
Let t(u) be the first derivative of -1 + 1/2*u**2 + 2*u. Let f be ((-50)/(-15) - 3)*(7 + 2). Give t(f).
5
Let x = -27433 + 27403. Let f(h) = h**3 + 32*h**2 + 59*h - 58. What is f(x)?
-28
Let k(f) = 8*f - 5*f - 2 - f**2 - 20*f - 8. Determine k(-19).
-48
Let u(j) = -12*j. Suppose -5*l + 387 = 62. Suppose -4*w = -5*f - 83 - l, 4*w = -f + 124. Let g = w + -31. Determine u(g).
-12
Let x(p) = p**2 - 42 - 3*p + 21 - 2*p**2 - 3*p + 95. Calculate x(-12).
2
Suppose -4*z - 3*x = -6*z - 277, -274 = 2*z - 2*x. Let w = -131 - z. Let o(a) = -a**3 + 3*a**2 + 5*a - 4. What is o(w)?
11
Let v(d) be the first derivative of 3*d**2/2 - 3. Let l be (-14)/(-35)*25/2. Suppose -c - 1 = l*t, -2*c + 2*t - 7 = -5. Determine v(c).
-3
Let h be (12*(-1 + 2))/1. Let y(v) = -4*v - h + 2*v + 4*v. Let f = 79777 - 79769. What is y(f)?
4
Let n(m) be the third derivative of m**6/720 + 2*m**4/3 - 17*m**2. Let u(s) be the second derivative of n(s). Let y = 22 + -18. Calculate u(y).
4
Suppose 19*r - 20*r = -2. Let u(p) = -2451*p - 4 + 2455*p - 1 + 2*p**r. Calculate u(-4).
11
Let c = 16 - 9. Let w(i) = -9*i**2 + 7*i + 5. Let g(y) = y**3 + y**2 + y + 1. Let a(j) = g(j) + w(j). Give a(c).
13
Let f(x) = -7*x**2 + 44*x - 110. Let u(q) = -q**2 + 2*q - 5. Let l(o) = f(o) - 6*u(o). What is l(29)?
7
Let l(s) = -s - 6. Let f be l(-10). Let b be (2 - 4 - -5) + f. Let x(z) = -2*z - b + 4*z + 6. What is x(4)?
7
Let s(t) = t**2 + 16*t + 21. Let c(r) = -r**2 + 4*r + 5. Let y be c(-9). Let o = -126 - y. What is s(o)?
-7
Let n(k) be the second derivative of 5*k**3/3 - k**2/2 - k. Suppose v - 50 = w - 78, 0 = 5*w - 4*v - 139. Suppose 81*r = 54 + w. Give n(r).
9
Suppose 9*x + 155 = 236. Let j(w) = -w**2 + 16*w - 63. What is j(x)?
0
Let o = -9583 - -9568. Let i(p) = -2*p**2 - 22*p + 20. Determine i(o).
-100
Let i(b) = 11*b**3 + 26*b**2 + 10*b + 51. Let v(r) = -4*r**3 - 9*r**2 - 4*r - 18. Let x(t) = -3*i(t) - 8*v(t). Determine x(-5).
-44
Suppose 9*a + 60*a = 276. Let x(o) be the second derivative of -14*o + 1/2*o**2 + 1/3*o**3 + 0 - 2/3*o**a. Determine x(-1).
-9
Let x(q) = 2*q - 1. Let h be x(1). Let y = h - 6. Let i(j) = 5*j - 36671. Let m(o) = 2*o - 16299. Let k(l) = 4*i(l) - 9*m(l). What is k(y)?
-3
Let t be (-2 - 3*2) + 0. Let u(v) = 6*v + 7. Let s(q) = 13*q + 24. Let z(o) = s(o) - 2*u(o). Give z(t).
2
Let k = -71 - -63. Let a be 15/120 - 23/k. Let t(n) = 7*n**2 + 1 + 5*n**a + 0*n**3 - 4*n**3 - 7*n. What is t(-8)?
-7
Let y(o) = 3*o + 4. Suppose p + 50 + 30 = 5*w, -5*w + 80 = 2*p. Let f be ((-3)/(-6))/((-4)/w). Determine y(f).
-2
Let d(p) = p**3 - 9*p**2 + 17*p + 7. Suppose 5*g + 153*j = 150*j + 18, 3*j = 2*g - 3. What is d(g)?
4
Suppose -x = a, 5*x - 3*a - 24 = -0. Let s(z) be the second derivative of 0 + 1/2*z**3 + z**2 - 20*z. What is s(x)?
11
Let u be (-596)/3874 + 0 + (1 - 37/13). Let j = -8 - -11. Let i(w) = 3*w**3 - w**2 - 3*w**3 - w**j + 2*w. Calculate i(u).
0
Let p(n) = -n**2 + 3*n + 5. Suppose -17*s + 27*s = 1880. Let a = s - 182. Determine p(a).
-13
Let l(n) = -n**3 - 37*n**2 - 132*n + 3. Let w be l(-33). Let x(o) = -8*o - 10. What is x(w)?
-34
Suppose -5*n + 10 = 0, 2*a - 5*n - 2 = 4*a. Let v(i) be the third derivative of -i**4/24 - 5*i**3/6 + i**2 - 65. What is v(a)?
1
Let m(i) = 7*i + 81. Suppose -54 = 3*c + 3*f, 131*c + 24 = 127*c + 4*f. Calculate m(c).
-3
Let f be ((-4 - -1)*8/12)/((-26)/143). Let g(t) = t**3 - 10*t**2 - 7*t + 14. What is g(f)?
58
Suppose -54*p - 33*p = -26*p + 61. Let t(n) be the third derivative of -4*n**5/15 - 5*n**2. Determine t(p).
-16
Let c(i) = i**2 - 2*i - 25. Suppose 0 = -2*r - s + 14, -s = -42 + 40. What is c(r)?
-1
Let q(t) be the second derivative of 3*t**3 + 43*t**2 + 1921*t + 2. Give q(-5).
-4
Let g(c) be the second derivative of c**3/6 - 7*c**2/2 - 14*c - 762. Suppose 4*x - 3*x = 4. Determine g(x).
-3
Suppose 0*j = 5*i - 2*j - 20, -j = 3*i - 12. Let a(r) = 5*r**2 - 6*r - 3. Let t(q) = -4*q**2 + 5*q + 3. Let f(w) = i*t(w) + 3*a(w). What is f(-2)?
-5
Let i(f) = -f. Let z(g) = -5*g. Let s(x) = 4*i(x) - z(x). Let b(l) = -23*l - 27. Let k = -291 + 290. Let j be b(k). Give s(j).
-4
Let q(x) = 9*x**3 + x**2 - 6*x - 9. Let l(j) = -11*j**3 - 2*j**2 + 6*j + 10. Let d(k) = -5*l(k) - 6*q(k). Determine d(-5).
-51
Let t(n) = -n**3 - 2*n**2 + 399*n - 2. Let i be t(-21). Let z(a) = 5*a**2 - 2*a + 7. Let s(j) = 10*j**2 - 3*j + 13. Let u(l) = -4*s(l) + 7*z(l). What is u(i)?
-19
Let y(o) = 4*o - 63. Let z(q) = -17*q + 234. Let x(b) = 15*y(b) + 4*z(b). Calculate x(-2).
7
Let v = 8108 - 8111. Let k(m) = 3*m**2 - m - 7. What is k(v)?
23
Let d(m) be the first derivative of -m**4/4 - m**3 + m**2/2 - m - 3352. What is d(-5)?
44
Suppose 35*f - 36*f = 2*l - 5, 11 = 3*f + 4*l. Let n(v) = 5*v**2 - 8*v + 5. What is n(f)?
2
Let f(x) = -101*x + 1761. Let y(v) = 151*v - 2649. Let o(p) = -8*f(p) - 5*y(p). Determine o(16).
5
Let n(x) = -2292*x + 2*x**2 - 2 + 1135*x + 1161*x. Calculate n(3).
28
Let k(r) = -9791 - 3*r**2 + 10*r + 9802 + 7*r**2. Calculate k(-1).
5
Let y(j) be the first derivative of 1/4*j**4 - 5/3*j**3 + 99 - 5/2*j**2 + 5*j. What is y(4)?
-31
Suppose 2*y = -5*m + 3, 2*m + 3 + 15 = 4*y. Let i(b) be the second derivative of -11*b**5/20 + b**4/6 + b**3/6 + 2152*b. Calculate i(m).
12
Let b(n) be the first derivative of -n**3/3 - 23*n**2/2 - 31*n + 3857. Determine b(-17).
71
Suppose 2*p + 0*p + 6 = -2*q, 0 = 2*p + q + 7. Let d = 1 - p. Let o(h) = -h**3 + 7*h**2 - 5*h + 4. What is o(d)?
29
Let j = 27 + -17. Suppose j*x = -x. Let d(t) = t + 3 + t + x*t - t. What is d(-5)?
-2
Suppose -5*i = -3*b, -i = -6*b + 3*b + 12. Let h(x) = 4*x**3 - 5*x**2 - 3*x**i + 2 + 18 + 0*x**2 - 12. Give h(4).
-8
Let n(r) = r**3 - 5*r**2 + 5*r - 2. Suppose 323*p - 24 = 315*p. Calculate n(p).
-5
Let x(i) = -4 + 3 + 14 - i. Let t be (414/115)/(4/10). Calculate x(t).
4
Let w be 18/10 + 2/10. Let d(c) = w*c**2 + 2 - c**3 + 2 + c**2. Suppose -134*z + 36 = 10*z - 540. Calculate d(z).
-12
Let d(b) = -10*b - 30. Let y be d(-3). Suppose y = 13*p + 4*p - 34. Let a(n) = -2 + 4*n + 1 - 6*n. Give a(p).
-5
Let w(y) = y**3 - 21*y**2 + 41*y - 62. Suppose 1049 + 167 = 64*o. What is w(o)?
-5
Let q(s) = 2*s**2 - 8*s - 8. Let k(v) = -3*v + 1. Let o be k(-5). Suppose -8*z = 2*f - 6*z - o, 4*f - 31 = -3*z. Give q(f).
34
Let w(p) be the second derivative of -p**4/12 - p**2/2 - p. Let m(h) = -h**2 - 11*h + 1026. Let s be m(-38). Determine w(s).
-1
Let x(n) = 314130*n - 1 - n**3 - 157063*n - 157061*n + 3*n**2. Give x(4).
7
Let d(f) be the third derivative of -f**5/60 + 5*f**4/12 - 2*f**3 - 2*f**2 - f + 751. Calculate d(13).
-51
Suppose -5*y = -2*m - 27 + 140, -4*y - 72 = 3*m. Let c be (-6)/y + 11/(308/(-64)). Let f(i) = 2*i**3 + i**2 - i. Calculate f(c).
-10
Let r(o) be the second derivative of 1/20*o**5 + 2*o + 0*o**2 + 4 + 1/2*o**4 + 0*o**3. Give r(-4).
32
Suppose 29 = -11*o + 117. Suppose -5*v = 3*v - o. Let j(s) = -10*s. Determine j(v).
-10
Suppose -503*j = -s - 500*j + 3, 2*s + 3 = -3*j. Let p(q) be the third derivative of 1/12*q**4 + 0*q + s*q**3 + 0 + 33*q**2. What is p(8)?
16
Let g(q) = q - 7. Let x(c) = 2*c - 72. Let y be x(35). Let u(a) = -a + 2. Let r(j) = y*u(j) - g(j). Determine r(-7).
-4
Let w(o) = -18 - 2*o**2 + 0*o**2 - o + 2*o**2 + o**2 - o**3 + 24. Let z be (21/(-6) - -3)*0. Determine w(z).
6
Let y(l) be the first derivative of -l**4/4 - 4*l**3/3 + 3*l**2/2 - 2*l - 22. Suppose -8*d + 336 = 376. Determine y(d).
8
Let g(k) = -1. Let t(v) = -v**2 - 3*v + 7. Suppose 2*f = r - 7, -3*f - 14 = 3*r - r. Let h(a) = r*t(a) + 4*g(a). Calculate h(-6).
7
Let h(q) = 1. Let c(g) = g - 4 - 2 + 2. Let p(b) = c(b) + 2*h(b). Let a(j) = -20*j + 41. Let r be a(2). Calculate p(r).
-1
Let p(y